51. Calculate the highest common factor of j and b.
20
Let k be -2*(-2 + 26/(-4)). Suppose 80 = 3*b - 3*m + k, 3*m = 5*b - 113. Suppose -2*j + j + 5 = 0. Calculate the greatest common divisor of b and j.
5
Suppose -10 = -5*s + t, -4*s - 3*t + 8 = -8*t. Let p(a) = -5 + 7 - a**s - 1 + 19 - 6*a. Let r be p(-7). Calculate the highest common divisor of 104 and r.
13
Let m(o) = 2*o**2 + 30*o - 55. Let r(i) = 2*i**2 - 12*i + 17. Let v be r(5). Let z be m(v). What is the greatest common factor of 33 and z?
11
Let r(y) = 2*y**3 + 2*y**2 - y + 2. Let h be r(-2). Let c = h - -7. Suppose -8*q + 150 = -c*q. Calculate the greatest common divisor of 240 and q.
30
Suppose -62*c - 11745 = -65*c - 132*c. Calculate the greatest common factor of 9 and c.
3
Let q(x) = -1582*x + 621. Let s be q(-9). What is the greatest common divisor of s and 39?
39
Let w be ((-130)/65)/(2/(-5)). Suppose -3*u + w*a - 9*a + 58 = 0, 4*a + 26 = 3*u. What is the greatest common divisor of 63 and u?
7
Suppose 8 = -m + 9, 5*t = -2*m + 322. Suppose -4*i + 3*z + 118 = -14, -z = -2*i + t. Calculate the highest common factor of 10 and i.
10
Let u be (-2)/(2756/(-195) - -14). Calculate the highest common divisor of u and 48.
3
Suppose 5*r - 14593 = -8923. Calculate the greatest common divisor of r and 56.
14
Suppose 35*o - 107*o = -150 - 210. Calculate the greatest common factor of o and 2740.
5
Let m be 59 + (-2 - (-3 + -1)) + -2. Let j(p) = -2*p**3 - 13*p**2 - 7*p + 41. Let v be j(-5). What is the highest common factor of v and m?
1
Suppose 4*l - 10*w - 392 = -14*w, l = 4*w + 103. Suppose 4*o - 59 = 61. Suppose -3 - o = -3*q. What is the highest common divisor of l and q?
11
Let d(b) = 14*b**2 + 100*b + 44. Let z be d(-14). Let r be (-4 - z/(-20)) + 12/20. What is the highest common divisor of 88 and r?
22
Let j = -35 - -55. Suppose 14 = 3*i - 4*s, -5*i - 2*s - 3*s = 0. Let q be (9 + -11)*(-80)/i. What is the highest common divisor of j and q?
20
Suppose -162*r - 110 = -167*r. Suppose -r*p + 15*p = -1400. Calculate the greatest common factor of 25 and p.
25
Let q(n) = 153*n + 104. Let v be q(2). Let b = 11 - 1. What is the highest common factor of b and v?
10
Suppose 11856 = 705*h - 667*h. What is the highest common divisor of h and 8?
8
Suppose 4*r + 244 = 3*o, -2*o + r = 2*o - 321. Let m(l) = 18*l - 9*l - 8*l. Let v be m(8). Calculate the greatest common factor of v and o.
8
Suppose -1128 = -19*f + 2919. Let u = f - 206. Calculate the highest common divisor of u and 581.
7
Suppose -76*c - 16*c = -97428. What is the greatest common factor of 6 and c?
3
Let i = -16842 - -16982. What is the greatest common divisor of 140 and i?
140
Let z be (83/249)/(2/120). Let w be -1 - -28 - (-2)/2. Suppose v - w = -8. Calculate the greatest common factor of z and v.
20
Suppose 0 = -v - 2*j + 4204, v - 2181 - 2028 = -j. What is the highest common divisor of v and 490?
98
Suppose -89*c + 3241134 = 82*c. What is the highest common factor of 78 and c?
78
Suppose -5*z - 43*z + 7680 = 0. Suppose -14*o - z = -1056. What is the greatest common divisor of 4 and o?
4
Let p = 49 - 22. Suppose -3*y + 78 = -3*v, 8*v - 5*v = 2*y - 51. Calculate the greatest common divisor of p and y.
27
Suppose 9*p + 27 = 18*p. Suppose p*g + 5*m = 26, -2*m + 6 = -g - 0. Suppose -7 - 23 = -3*t. Calculate the greatest common divisor of g and t.
2
Suppose -j - 4*z = 3 - 21, 0 = -5*j + 2*z + 2. Suppose -3*v + 2 = 5*c, -3*v + j*c + 9 = -28. What is the greatest common divisor of v and 9?
9
Let i(d) be the first derivative of 4*d**3/3 + 9*d**2 - 87*d - 83. Let c be i(6). What is the greatest common divisor of c and 15?
15
Let k be (3 - 60/25)*70 - 9. What is the highest common divisor of k and 12?
3
Let s(q) = -q**3 - 5*q**2 - 7*q - 10. Let p be s(-4). Let x be (-6 - 18)/((-3)/p). Calculate the greatest common factor of 6 and x.
2
Suppose 0 = 335*u - 229263 - 167377. Calculate the greatest common divisor of u and 1332.
148
Suppose 9*t - 10*t - 87 = 0. Let z = 69 - t. What is the greatest common divisor of 12 and z?
12
Suppose 5*o - 172*b + 50*b + 1299 = 0, 75 = 3*o - 2*b. Let q = 191 - 103. Calculate the highest common divisor of q and o.
11
Let i(s) = -68*s - 675. Let v be i(-10). Suppose 2*x - 892 = -3*f + 1077, 4*f - 2610 = 5*x. What is the greatest common divisor of v and f?
5
Let o(t) = 3*t**2 + 9*t + 3. Let n be 1/6 + (-34)/(-12). Let s be o(n). Suppose 2*w - 32 = 44. What is the greatest common divisor of s and w?
19
Let z = 4 - -83. Suppose 37 = -2*y - z. Let s = y - -95. Calculate the highest common factor of s and 11.
11
Suppose 4*p + 3916 = -321*t + 326*t, 12 = -3*p. What is the highest common factor of 228 and t?
12
Let a(s) = 671*s + 2370. Let m be a(8). What is the greatest common factor of m and 146?
146
Suppose 8*p = 4*p - 60. Let y be ((-5)/p)/((-9)/(-1755)). Let r be (0 + (16 - 3))/1. What is the greatest common factor of r and y?
13
Let u be 1*(-10)/(-2)*84/10. Let g be 7 + (-1)/(((-45)/1015)/9). Calculate the highest common divisor of u and g.
42
Suppose 2*y + 71 = -15. Let z = 62 + y. Let x = z - 18. What is the highest common divisor of x and 2?
1
Suppose -648 = -3*y + 231. Let h = -39 - y. Let j be 12/(-9) + h/(-6). Calculate the highest common factor of 6 and j.
6
Suppose 19*z + 8803 = 59*z - 437. Calculate the highest common divisor of 66 and z.
33
Let a be (-6 - -7)/1*750. Let o be a/1*(-2)/(-6 + 2). Calculate the highest common divisor of o and 150.
75
Let w = 1548 + -1476. What is the highest common factor of w and 882?
18
Suppose -50362 = 9*t - 63358. Calculate the highest common divisor of t and 1824.
76
Suppose -24088 = -17*n + 22254. Calculate the greatest common divisor of 58 and n.
58
Let d(r) = 36*r**2 + 245*r - 39. Let z be d(-9). What is the highest common divisor of z and 1?
1
Suppose -a + 644 + 1160 = 0. Let c be (-16)/(-120) - a/30. Let z = -46 - c. What is the greatest common divisor of 35 and z?
7
Let f be (-2)/(-12) - 3655/(-102). Let o = -73 + f. Let j = o - -42. Calculate the highest common divisor of j and 5.
5
Suppose -2*q - 3*i + i + 434 = 0, 3*i = -q + 227. Let d = q - 202. Calculate the greatest common divisor of 55 and d.
5
Let p = -62 + 142. Suppose r - 63 = -5*f, -5*f = -9*f + 12. Calculate the greatest common factor of p and r.
16
Suppose -2*f + a + 12 + 5 = 0, -4*a + 36 = 5*f. Let o = 14937 + -14917. Calculate the greatest common factor of o and f.
4
Let a be 6160/44 - (-11 + -2). Suppose j = -j + 34. What is the highest common divisor of j and a?
17
Let r(s) = -2*s + 42. Let n be r(18). Suppose -5*k = 4*q - n*q - 1039, 4*k = -4*q + 848. What is the highest common divisor of k and 19?
19
Let h be -1 - (-20266 + ((-24)/252 - 160/84)). What is the greatest common factor of h and 13?
13
Suppose 0 = 114*u - 127*u + 234. Calculate the highest common divisor of 4626 and u.
18
Let k be 140/7*(-1)/(-4*1). Suppose k*q = 5*i + 25, -2*i - 3*i - 20 = -4*q. Suppose -5*g + g + 88 = i. Calculate the greatest common divisor of 88 and g.
22
Let r(u) = -9*u**2 + 4*u + 1. Let t be r(-6). Let b = t + 357. What is the highest common factor of 6 and b?
2
Suppose 10*m - 1 - 119 = 0. Suppose m = 63*f - 67*f. Let y be (-4)/((-2)/f*15/(-380)). Calculate the highest common divisor of y and 19.
19
Suppose -129389 = -172*x + 165075 - 112488. What is the highest common divisor of x and 782?
46
Let r be 98/(-196)*(0 - 60). Calculate the greatest common divisor of 1420 and r.
10
Let i(h) = -62*h + 2854. Let b be i(23). Calculate the greatest common factor of 1176 and b.
84
Let s(r) = -7*r**2 + 184*r - 18. Let g be s(16). Calculate the greatest common factor of g and 56.
14
Suppose -26 + 32 = -3*t. Let z be (48 - 37)*(-6)/t. What is the highest common divisor of 11 and z?
11
Let v(u) = -4*u + 26. Suppose 5*m = 5*r - 30, r + 2*m = -3*r + 6. Let z be v(r). Let p = 25 + z. What is the highest common factor of p and 39?
39
Let m(t) = -221*t - 1594. Let a be m(-10). Calculate the highest common factor of a and 704.
88
Let v(d) = d**3 - 8*d**2 + 4. Let x be v(8). Suppose 5*k + 488 = 4*b - 51, 569 = x*b + k. Calculate the highest common divisor of b and 94.
47
Let l be (1 - 1 - -3) + 77. Suppose -8 = -4*x, -2*j - 2*j + 2*x + l = 0. Suppose 2*r = 262 - 52. What is the greatest common factor of j and r?
21
Let b(z) be the